19*z + 12. Let x(g) = -8*f(g) - 3*l(g). Determine x(-9).
3
Let c be ((-1)/9)/((-1)/12) - 1. Let b(s) be the second derivative of -7/2*s**2 + 6*s - c*s**3 + 0. Calculate b(-6).
5
Let k = -5 + 7. Let s(p) = -4*p + 3 + 20*p**3 + 23*p**3 - p**2 - 42*p**3. Calculate s(k).
-1
Let c(j) = j**2 - 37*j + 234. Let n be c(8). Let q(b) = -7*b**2 + b + 3. Determine q(n).
-23
Let k be -13 + 63/18*(-4)/(-7). Let f be -18*-1*2/(-4). Let c = k - f. Let a(m) = 2*m**2 + 2*m + 1. What is a(c)?
5
Let p(i) be the third derivative of -i**6/120 - 7*i**5/60 - i**4/4 - 5*i**3/6 + i**2. Let z = -1925 - -1919. What is p(z)?
-5
Let q = 4 - 4. Suppose q = -0*u + 4*u + 12. Let p(f) = -4*f**2 - f + 10. Let w(a) = 3*a**2 + a - 7. Let d(z) = 5*p(z) + 7*w(z). Calculate d(u).
4
Let h(c) = -5*c + 2. Suppose 3*r + r - 20 = 0. Let q be (-5)/(25/r) + 6. Suppose -q*m + 4 + 3 = 3*v, 0 = -m - 2*v. Determine h(m).
-8
Let b(q) be the second derivative of q**4/12 - q**3 + 9*q**2/2 - 15*q - 4. Determine b(8).
25
Let k(a) = -4*a + 7*a - 2 + 0*a - 2*a. Let r(v) = 6*v + 8. Let c be r(4). Let d = c + -28. Calculate k(d).
2
Let o(s) be the second derivative of -s**4/12 - s**3/3 - 6*s**2 + 7*s + 18. Give o(0).
-12
Let a(n) be the first derivative of -n**4/4 - 16*n**3/3 + 8*n**2 - 17*n + 110. What is a(-17)?
0
Suppose 0 = -3*l + 2*h - 115, h = 5*l - 4*h + 195. Let a = -37 - l. Suppose 7 = -4*x - 5*v, a*x - v = -x + 5. Let c(t) = -t**2 + 3*t. What is c(x)?
2
Let l(b) = -b. Let d(f) = -14*f + 13. Let u(s) = d(s) - 6*l(s). Let r(k) = 9*k - 14. Let t(i) = -5*r(i) - 6*u(i). Let h = 668 + -662. Determine t(h).
10
Let l(i) = 3*i**2 - 9*i - 5. Let a = 132 - 128. Let d be l(a). Let m(n) = -2*n + 7. Calculate m(d).
-7
Let n(z) = z**2 + 3*z - 7. Let i(s) = 16*s - 192. Let l be i(12). Calculate n(l).
-7
Let r(l) = l**3 + 6*l**2 + 7*l + 3. Suppose 4*u - 14 = 6. Let m(j) = -4*j + 5. Let z(a) = -7*a + 9. Let q(b) = u*m(b) - 3*z(b). Let v be q(-3). Calculate r(v).
-7
Let k(p) = -p**3 + 2*p**2 + p + 2. Let u(d) = 7*d**3 - 8*d**2 - 19*d - 12. Let h(w) = -6*k(w) - u(w). Determine h(-6).
-6
Suppose -n + 3 = -5*l + l, -5*l - 4*n = -12. Suppose 7*b - 59 - 11 = l. Let r = b - 6. Let o(g) = -g**3 + 5*g**2 - 4*g - 2. Calculate o(r).
-2
Let f(d) = -11*d - 9. Let n be f(-2). Suppose -2*i = l + n, 3*i + 30 - 12 = -l. Let x(g) = -g**2 + 6 + 3*g**2 + 5*g - g**2. Calculate x(i).
6
Let k(v) = -v - 2*v**2 + 2 + 2*v**3 - 3*v**3 + 2*v**2. Let w(g) = -26*g + 130. Let x be w(5). What is k(x)?
2
Let s be (-132)/(-14) + 15/(-35). Let v(q) = q**3 - 10*q**2 + 9*q + 1. What is v(s)?
1
Let l(q) = -2*q + 20. Let y(w) = 69*w + 431. Let v be y(-6). Determine l(v).
-14
Suppose -169 = -5*z - 4*q - 14, 3*z + 3*q - 96 = 0. Suppose -z = -b - 2*b. Let k = -15 + b. Let n(p) = -p - 10. Calculate n(k).
-4
Let k(q) = -2*q**2 - 6*q - 28. Let g(u) = -u**2 - 3. Let p(v) = -3*g(v) + k(v). Determine p(8).
-3
Let t(b) = 2*b - 1. Let x = -37 + 39. Let o be x/(-5) - (-33)/(-5). Calculate t(o).
-15
Suppose -o + 5*o - 16 = 0. Let h(y) = -o*y - 1 + 5 + y**2 - 4 - 3. Suppose 5*g = -20, -4*k + g - 10 = -30. Determine h(k).
-3
Let x(u) = -4*u**2 - 10*u - 1. Let k(v) = -5*v - 3*v**2 - 2*v + 0*v - 1 - 2*v. Let n(h) = -6*k(h) + 5*x(h). What is n(3)?
-5
Suppose -7*d = 4*d - 11. Let z(b) = -16*b**2 - b + 1. Determine z(d).
-16
Suppose 336 = 4*i - 44. Suppose b + 2*m = -m - 35, i = -5*b + m. Let p be b/3 - 3/9. Let s(z) = z**3 + 6*z**2 - 7*z - 6. Calculate s(p).
-6
Let g = 41 + -37. Let f(k) = -k**2 + 5*k - 1. Let t(b) be the third derivative of b**5/60 - b**4/6 + b**3/6 + 2*b**2. Let u(r) = -3*f(r) - 2*t(r). What is u(g)?
-11
Let u(z) = 12*z + 13. Let t(f) = -6*f - 7. Let d(r) = 11*t(r) + 6*u(r). Calculate d(-4).
-23
Suppose -4*x = -2*h - 4, 0 = 2*h - 0*x - x + 4. Let k(l) = -3*l - 1. Give k(h).
5
Let u(r) be the second derivative of 9/2*r**2 + 5*r + 1/2*r**3 + 0 - 1/60*r**5 + 1/6*r**4. Let j(g) be the first derivative of u(g). Calculate j(-2).
-9
Let m be 40 - 45 - 1*-59. Let h(i) = 104 - 48 - i - m. Suppose -3*o + z = -21, 0 = o + 5*z + 11 - 2. What is h(o)?
-4
Let g = -6 + 8. Let t be 152/28 + -2 + (-36)/(-14). Let k(z) = t*z + 14*z**2 - 3 - 15*z**g + 7. Give k(5).
9
Let u = -22 - -26. Let s(j) = -4 - 3*j**3 + 2*j**3 - 1 - u*j**2 + 5*j + 0*j**3. Let z be (-16 + 1)*8/24. Determine s(z).
-5
Let z(q) = 3*q**2 - 3*q + 3. Let r = 16 - 13. Suppose -r*t + 3 = -0*t + 3*f, 0 = t - 5*f - 7. Determine z(t).
9
Let q = -18 + 20. Suppose 0 = -4*l - 3*k + q, -5*l + 2*k + 8 = -6. Let y(h) = -11 + 5 + 8 - l*h. Calculate y(2).
-2
Let c(f) = f**3 + 5*f**2 + 4*f - 2. Let o = -58 - -69. Suppose 3*b = -5*m - o, -2*b - 5 + 15 = -m. Give c(m).
-2
Let v(o) be the first derivative of -o**4/4 + 2*o**3/3 + o**2/2 + 4*o - 308. Give v(4).
-24
Let h(n) = n**2 - 7*n - 5. Let a = -4 - -8. Let v(l) = -4 - 5 + 4 + 7*l**2 + a*l + l**3. Let j be v(-6). What is h(j)?
-5
Let r = -4 - -14. Suppose 4*b - r = -b. Let h(o) = 2*o**2 + o - 3. Let i(c) = -5*c**2 - c + 6. Let j(f) = -7*h(f) - 3*i(f). Calculate j(b).
-1
Suppose 5*p - v + 18 = 0, 3*p + 0*p + 6 = -v. Let d(w) be the second derivative of w**5/20 + w**4/3 + w**3/3 + 3*w**2/2 - 6*w. Give d(p).
6
Let c(y) = -3*y**2 + 26*y - 7. Let f be c(13). Let l be (-1)/(-7) + f/56. Let v(d) = -2 + 0*d - 1 + 3*d + 2*d**2. What is v(l)?
6
Let h(y) be the first derivative of 3*y + 1/2*y**2 + 1. Determine h(-4).
-1
Let g(u) = -7*u**3 + 4*u**2 - u + 5. Let x(b) = 5*b**3 - 4 - 4*b**2 - 2*b + 3*b - b**3 + 2*b**3. Let t(c) = 5*g(c) + 6*x(c). What is t(4)?
5
Suppose -20 = 4*p, -3*p = v - 5 + 17. Let z(b) = -v*b**2 + 4 + b**3 - 7 - b**2 - 5*b. Give z(5).
-3
Suppose 5 = 5*u - 15. Let o(a) = 5*a + 5. Let l(q) = -7*q + 70. Let z(m) = 1. Let t(n) = -2*l(n) + 154*z(n). Let g(i) = -17*o(i) + 6*t(i). Give g(u).
-5
Let a(o) = 2*o - 2. Let l(w) = 14*w - 1. Let d(x) = 4*a(x) - l(x). Give d(-2).
5
Let t(u) = u**2 + 4*u + 2. Suppose -3*m + s - 14 = 0, -2*m + 0*s - 2*s - 20 = 0. Let w be (-20)/m*(-72)/60. Calculate t(w).
2
Let o(v) be the first derivative of 2*v**3/3 + 3*v**2/2 - v - 537. What is o(1)?
4
Let o(l) = -l**3 - 21*l**2 - l + 14. Let a(f) = f**3 + 19*f**2 + 2*f - 14. Let r(w) = 6*a(w) + 5*o(w). Calculate r(-8).
-6
Let q(z) = 25*z + 22*z - z**2 + 7 - 43*z. Suppose 3*k = 0, -3*h - 5*k + 7 + 11 = 0. What is q(h)?
-5
Let v(j) = -j + 2. Let r be v(-4). Let i = 8 - r. Let o(l) be the first derivative of l**3/3 - 2*l**2 - l - 220. Calculate o(i).
-5
Let u be -2 + (1 + 11)/3. Suppose -3 = 5*f - 13. Let r(z) = -z**3 + 6*z - 2*z**f + 5*z + 4*z**2 - 14*z. Calculate r(u).
-6
Suppose 2 = -2*l + 6. Let x(i) = 0 - 1 - i - l. Let o = 45 - 50. Calculate x(o).
2
Suppose 2*t + 2*r + 16 = 0, -3*r - 4 - 4 = -t. Let s(m) = 45*m**3 + 5 + 6*m - 2*m**2 - 46*m**3 - m**2. Calculate s(t).
-3
Let n(x) = -2*x**2 + 7*x + 4. Let g(h) = h**2 + 16*h - 30. Let v be g(-18). Give n(v).
-26
Let k(m) be the third derivative of m**4/12 + 5*m**3/6 - m**2 + 91*m. Determine k(-4).
-3
Let v(g) be the first derivative of g**4/4 - 8*g**3/3 + 11*g**2/2 - 10*g + 4. Calculate v(7).
18
Let b be (((-18)/(-12))/1)/((-1)/(-2)). Let h(l) be the third derivative of 1/24*l**4 - 6*l**2 - 1/120*l**6 + 0*l + 0 + 13/6*l**b + 0*l**5. What is h(0)?
13
Let q be (525/125)/((-6)/(-20)). Let g(t) = t**3 - 16*t**2 + 29*t - 5. Calculate g(q).
9
Let a be (-2)/(8/4) + 3. Let k be a/(-4)*60/10. Let q(d) = -7*d - 9. Let x(j) = 3*j + 4. Let c(v) = 4*q(v) + 9*x(v). Give c(k).
3
Let h(s) be the first derivative of -s**3/3 + 13*s**2/2 + 12*s - 161. Calculate h(13).
12
Let h be (-1 + -11)*(-1)/(-2). Let x(y) = -y**2 + y + 1. Calculate x(h).
-41
Suppose -3*o + o + 20 = 0. Let d(g) = -g**3 - 4*g**2 - g + 1. Let f(y) = y**3 + 17*y**2 + 11*y + 10. Let m(t) = 2*d(t) + f(t). What is m(o)?
2
Let b(x) = x**2 - 6*x - 1. Let d = 1 - -2. Suppose -5*i = d + 17. Let h be -2 + (-20)/i + 3. Give b(h).
-1
Let w(d) = -6 - 98*d**2 - d**3 + 91*d**2 + 1. Let u = -17 + 10. Give w(u).
-5
Suppose 9*s + 14 = 5. Let x(l) = 21*l. What is x(s)?
-21
Let s(b) = -b**2 - 11*b - 5. Let f = 2734 - 2743. Determine s(f).
13
Suppose 2*j = 2*d - 6, -d - 8 = d + 5*j. Let w(l) = -4*l**2 + 9*l**2 - d + 8*l**2. Suppose -16 = -4*k - 4*g, -4*k + 11 = 5*g - 10. Determine w(k).
12
Let x(s) be the third derivative of s**6/120 + 3*s**5/20 + s**4/3 - 3*s**3/2 + 45*s**2. Calculate x(-8).
-9
Let m(